ainder when 11439184 is divided by 1315.
1314
What is the remainder when 29503357 is divided by 128?
125
What is the remainder when 364983 is divided by 231?
3
Calculate the remainder when 593794 is divided by 53979.
25
Calculate the remainder when 29496 is divided by 455.
376
Calculate the remainder when 10141848 is divided by 562.
558
Calculate the remainder when 2310527 is divided by 82516.
79
Calculate the remainder when 3094003 is divided by 659.
657
Calculate the remainder when 103663391 is divided by 437.
436
Calculate the remainder when 1170624 is divided by 195098.
36
What is the remainder when 4193 is divided by 233?
232
Calculate the remainder when 14263511 is divided by 1282.
1261
What is the remainder when 28137608 is divided by 28137599?
9
What is the remainder when 10947370 is divided by 3?
1
Calculate the remainder when 527349 is divided by 5433.
348
What is the remainder when 96398 is divided by 2466?
224
What is the remainder when 924983172 is divided by 1447?
1445
What is the remainder when 564171 is divided by 600?
171
Calculate the remainder when 35731 is divided by 1367.
189
What is the remainder when 69264983 is divided by 54?
47
Calculate the remainder when 6031112 is divided by 39163.
10
Calculate the remainder when 272850 is divided by 927.
312
Calculate the remainder when 3554282 is divided by 714.
704
What is the remainder when 131321 is divided by 1312?
121
What is the remainder when 1454196 is divided by 81?
3
Calculate the remainder when 61668 is divided by 2234.
1350
Calculate the remainder when 196205165 is divided by 282.
281
Calculate the remainder when 5880363 is divided by 803.
797
Calculate the remainder when 14456 is divided by 3294.
1280
Calculate the remainder when 13555 is divided by 13483.
72
What is the remainder when 290191 is divided by 32094?
1345
Calculate the remainder when 5829997 is divided by 3601.
3579
Calculate the remainder when 3125874 is divided by 33.
15
What is the remainder when 133118554 is divided by 58?
28
What is the remainder when 76974152 is divided by 9621767?
16
What is the remainder when 55777101 is divided by 5954?
29
Calculate the remainder when 5337497 is divided by 1033.
1019
Calculate the remainder when 5886 is divided by 691.
358
What is the remainder when 14910385 is divided by 4970126?
7
Calculate the remainder when 8759 is divided by 860.
159
Calculate the remainder when 2427444 is divided by 36.
0
What is the remainder when 3898334 is divided by 1992?
1982
What is the remainder when 1707887 is divided by 1016?
1007
What is the remainder when 1277608 is divided by 1277594?
14
Calculate the remainder when 3191524 is divided by 2195.
2189
Calculate the remainder when 3167336 is divided by 1148.
4
What is the remainder when 2819404 is divided by 1270?
4
What is the remainder when 191060657 is divided by 10?
7
What is the remainder when 43095 is divided by 21216?
663
Calculate the remainder when 872785 is divided by 872734.
51
What is the remainder when 1068366 is divided by 13874?
68
What is the remainder when 44654106 is divided by 69?
66
What is the remainder when 142863 is divided by 16?
15
What is the remainder when 702847 is divided by 175652?
239
What is the remainder when 77080574 is divided by 197?
187
Calculate the remainder when 42737 is divided by 1683.
662
Calculate the remainder when 2440880 is divided by 12.
8
What is the remainder when 2482029 is divided by 83?
80
Calculate the remainder when 2791750 is divided by 26091.
13
What is the remainder when 298036 is divided by 1035?
991
What is the remainder when 797976 is divided by 98?
60
Calculate the remainder when 196635 is divided by 1038.
453
What is the remainder when 852412 is divided by 152?
148
Calculate the remainder when 672540 is divided by 735.
15
What is the remainder when 66510850 is divided by 43?
41
What is the remainder when 4335329 is divided by 77?
75
What is the remainder when 98268735 is divided by 26?
19
Calculate the remainder when 5164896 is divided by 22955.
21
Calculate the remainder when 9546578 is divided by 20.
18
What is the remainder when 4201361 is divided by 134?
59
What is the remainder when 900759 is divided by 296?
31
What is the remainder when 81363 is divided by 5983?
3584
Calculate the remainder when 1810561 is divided by 102.
61
What is the remainder when 189048 is divided by 3102?
2928
Calculate the remainder when 749938 is divided by 21417.
343
What is the remainder when 58065 is divided by 2458?
1531
What is the remainder when 3067621 is divided by 1533765?
91
What is the remainder when 331683 is divided by 8299?
8022
What is the remainder when 7606269 is divided by 6?
3
What is the remainder when 277352 is divided by 55403?
337
What is the remainder when 13336984 is divided by 96?
88
What is the remainder when 28470587 is divided by 334948?
7
Calculate the remainder when 151484 is divided by 5208.
452
Calculate the remainder when 40986900 is divided by 46629.
9
What is the remainder when 31293 is divided by 14737?
1819
Calculate the remainder when 16773811 is divided by 3745.
3701
What is the remainder when 709173 is divided by 177280?
53
What is the remainder when 31292649 is divided by 31?
9
What is the remainder when 553258 is divided by 222?
34
What is the remainder when 18332854 is divided by 16?
6
What is the remainder when 2542845 is divided by 84?
81
What is the remainder when 307539 is divided by 102319?
582
Calculate the remainder when 19167 is divided by 3130.
387
What is the remainder when 379846 is divided by 1968?
22
Calculate the remainder when 1049990 is divided by 209998.
0
Calculate the remainder when 54720 is divided by 2300.
1820
What is the remainder when 980662 is divided by 42?
4
What is the remainder when 1823952 is divided by 121596?
12
Calculate the remainder when 913617 is divided by 228387.
69
What is the remainder when 396216 is divided by 1824?
408
What is the remainder when 1844890 is divided by 14998?
136
What is the remainder when 94237 is divided by 1074?
799
What is the remainder when 839285 is divided by 1051?
587
Calculate the remainder when 41842 is divided by 8319.
247
Calculate the remainder when 146552 is divided by 1419.
395
What is the remainder when 33020965 is divided by 182436?
49
What is the remainder when 22941484 is divided by 2993?
139
Calculate the remainder when 17569588 is divided by 8784780.
28
Calculate the remainder when 56413 is divided by 4140.
2593
What is the remainder when 434499 is divided by 284?
263
Calculate the remainder when 76182 is divided by 75230.
952
Calculate the remainder when 756737 is divided by 3320.
3097
Calculate the remainder when 74176 is divided by 1679.
300
Calculate the remainder when 1714733 is divided by 54.
17
What is the remainder when 488769 is divided by 3074?
3
What is the remainder when 450211 is divided by 1315?
481
What is the remainder when 171133 is divided by 228?
133
What is the remainder when 7948464 is divided by 56?
48
What is the remainder when 535699 is divided by 603?
235
What is the remainder when 388825 is divided by 3775?
0
What is the remainder when 64586 is divided by 550?
236
What is the remainder when 8683509 is divided by 10500?
9
Calculate the remainder when 2152657 is divided by 678.
7
Calculate the remainder when 9070081 is divided by 14748.
61
What is the remainder when 4197508 is divided by 2098708?
92
Calculate the remainder when 152615 is divided by 149493.
3122
Calculate the remainder when 7365821 is divided by 745.
6
What is the remainder when 22747522 is divided by 5686856?
98
Calculate the remainder when 33417 is divided by 1657.
277
What is the remainder when 11621018 is divided by 107602?
2
Calculate the remainder when 4165349 is divided by 4165340.
9
What is the remainder when 293170283 is divided by 15?
8
What is the remainder when 39882059 is divided by 39882056?
3
Calculate the remainder when 9717757 is divided by 141.
37
What is the remainder when 97264459 is divided by 4854?
7
What is the remainder when 162059 is divided by 10761?
644
Calculate the remainder when 1808735 is divided by 20097.
5
Calculate the remainder when 122499 is divided by 40825.
24
What is the remainder when 42872576 is divided by 180?
176
What is the remainder